{"id":51,"date":"2022-10-04T17:58:47","date_gmt":"2022-10-04T17:58:47","guid":{"rendered":"https:\/\/nysida.replokal.se\/?page_id=51"},"modified":"2022-10-17T12:58:50","modified_gmt":"2022-10-17T12:58:50","slug":"replokal-se","status":"publish","type":"page","link":"https:\/\/replokal.se\/?page_id=51","title":{"rendered":"om oss"},"content":{"rendered":"\n<p>Pinebar Music AB grundades 1994 och \u00e4r en av Stockholms f\u00f6rsta replokals uthyrare.<\/p>\n\n\n\n<p>Kenneth och Ove grundade Kulturf\u00f6reningen Kultur\u00e5ttan \u00e5r 1985 och tog sen steget fullt ut och b\u00f6rjade jobba med det som vi \u00e4lskat sedan sjunde klass i Enskedeskolan dvs musiken och blev egna f\u00f6retagare. F\u00f6rst s\u00e5 byggde vi 3 st lokaler som stod f\u00e4rdiga 1995 och sedan har det rullat p\u00e5 och vi har i dagsl\u00e4get 42&nbsp;st&nbsp;replokaler. <\/p>\n\n\n\n<p>M\u00e5nga k\u00e4nda och ok\u00e4nda artister har varit och \u00e4r i v\u00e5ra lokaler bla Amon Amarth, Patric Isaksson, Sahara Hotnights, Hellacopters, Katatonia, Opeth, Prins Svart, Crucified Barbara, Teddybears, Crashdiet, Thundermother mfl<\/p>\n\n\n\n<p>Pinebar Music AB hyr ut replokaler i de s\u00f6dra n\u00e4rf\u00f6rorterna av Stockholm.<br><br>Vi vill g\u00e4rna se oss som det b\u00e4sta alternativet p\u00e5 marknaden!<\/p>\n","protected":false},"excerpt":{"rendered":"<p>Pinebar Music AB grundades 1994 och \u00e4r en av Stockholms f\u00f6rsta replokals uthyrare. Kenneth och Ove grundade Kulturf\u00f6reningen Kultur\u00e5ttan \u00e5r<\/p>\n<p><a href=\"https:\/\/replokal.se\/?page_id=51\" class=\"more-link\">Forts\u00e4tt l\u00e4sa<span class=\"screen-reader-text\">om oss<\/span><\/a><\/p>\n","protected":false},"author":1,"featured_media":0,"parent":0,"menu_order":0,"comment_status":"closed","ping_status":"closed","template":"","meta":{"footnotes":""},"class_list":["post-51","page","type-page","status-publish","hentry"],"_links":{"self":[{"href":"https:\/\/replokal.se\/index.php?rest_route=\/wp\/v2\/pages\/51","targetHints":{"allow":["GET"]}}],"collection":[{"href":"https:\/\/replokal.se\/index.php?rest_route=\/wp\/v2\/pages"}],"about":[{"href":"https:\/\/replokal.se\/index.php?rest_route=\/wp\/v2\/types\/page"}],"author":[{"embeddable":true,"href":"https:\/\/replokal.se\/index.php?rest_route=\/wp\/v2\/users\/1"}],"replies":[{"embeddable":true,"href":"https:\/\/replokal.se\/index.php?rest_route=%2Fwp%2Fv2%2Fcomments&post=51"}],"version-history":[{"count":4,"href":"https:\/\/replokal.se\/index.php?rest_route=\/wp\/v2\/pages\/51\/revisions"}],"predecessor-version":[{"id":86,"href":"https:\/\/replokal.se\/index.php?rest_route=\/wp\/v2\/pages\/51\/revisions\/86"}],"wp:attachment":[{"href":"https:\/\/replokal.se\/index.php?rest_route=%2Fwp%2Fv2%2Fmedia&parent=51"}],"curies":[{"name":"wp","href":"https:\/\/api.w.org\/{rel}","templated":true}]}}